{"id":8891,"date":"2020-08-10T08:17:51","date_gmt":"2020-08-10T05:17:51","guid":{"rendered":"http:\/\/www.bugday.org\/blog\/?page_id=8891"},"modified":"2022-07-25T18:12:30","modified_gmt":"2022-07-25T15:12:30","slug":"turkiye-kirsal-nufusunun-katilimi-ve-gelisimi","status":"publish","type":"page","link":"https:\/\/www.bugday.org\/blog\/turkiye-kirsal-nufusunun-katilimi-ve-gelisimi\/","title":{"rendered":"AB Uyum S\u00fcrecinde T\u00fcrkiye K\u0131rsal N\u00fcfusunun Kat\u0131l\u0131m\u0131 ve Geli\u015fimi"},"content":{"rendered":"\r\n<div class=\"boldgrid-section\">\r\n<div class=\"container\">\r\n<div class=\"row\">\r\n<div class=\"col-md-12 col-xs-12 col-sm-12\">\r\n<p class=\"\"><strong>Proje Ad\u0131:<\/strong> Avrupa Birli\u011fi Uyum S\u00fcrecinde T\u00fcrkiye K\u0131rsal N\u00fcfusunun Kat\u0131l\u0131m\u0131 ve Geli\u015fimi<\/p>\r\n<p><strong>Proje S\u00fcresi&nbsp;:<\/strong>&nbsp;Ocak 2006 \u2013 Aral\u0131k 2006<\/p>\r\n<p><strong>Proje Fonu&nbsp;:<\/strong>&nbsp;Avrupa Birli\u011fi K\u00fc\u00e7\u00fck projeler Program\u0131 EUROPAID<\/p>\r\n<p><strong>Ortak Kurum&nbsp;:<\/strong>&nbsp;Ziarno&nbsp;(Polonya)<\/p>\r\n<p>Avrupa Birli\u011fi&#8217;nin sivil toplum diyaloglar\u0131n\u0131 geli\u015ftirme ama\u00e7l\u0131 haz\u0131rlad\u0131\u011f\u0131 K\u00fc\u00e7\u00fck Projeler Program\u0131 EUROPAID, Bu\u011fday Derne\u011fi ve Polonya&#8217;da bulunan Ziarno Derne\u011fi&#8217;nin ortak haz\u0131rlad\u0131\u011f\u0131 \u00c7ift\u00e7i Bilgilendirme Projesi sayesinde T\u00fcrkiye\u2019nin farkl\u0131 b\u00f6lgelerindeki \u00e7ift\u00e7iler Avrupa Birli\u011fi\u2019ne kat\u0131l\u0131m s\u00fcre\u00e7leri konusunda bilgilendirildi.<\/p>\r\n<p>Toplam b\u00fct\u00e7esi 65 bin Euro olan proje&nbsp;sayesinde&nbsp;k\u0131rsal kesimde ya\u015fayan insanlar\u0131n AB kat\u0131l\u0131m s\u00fcrecine ayak uydurabilmeleri ve geli\u015fmelerden haberdar olabilmeleri i\u00e7in e\u011fitimler&nbsp;ger\u00e7ekle\u015ftirildi&nbsp;ve&nbsp;bu konuda&nbsp;yay\u0131nlar&nbsp;yap\u0131ld\u0131.<\/p>\r\n<p>Polonya&#8217;daki k\u0131rsal kesimin geli\u015fimi i\u00e7in \u00e7al\u0131\u015fm\u0131\u015f ve AB kat\u0131l\u0131m s\u00fcrecinde kataliz\u00f6r g\u00f6revini \u00fcstlenmi\u015f bir kurulu\u015f olan Ziarno Derne\u011fi bu proje \u00e7er\u00e7evesinde bilgisini ve&nbsp;deneyimini Bu\u011fday kanal\u0131yla T\u00fcrkiye\u2019deki \u00e7ift\u00e7ilerle payla\u015ft\u0131. Bu\u011fday Derne\u011fi,&nbsp;yerel k\u0131rsal&nbsp;bilgisini ve Ziarno&#8217;nun \u00f6nerilerini bir araya getirip k\u0131rsal kesimde e\u011fitimler d\u00fczenledi ve iki&nbsp;\u00c7ift\u00e7i Gazetesi&nbsp;yay\u0131mlayarak, AB kat\u0131l\u0131m s\u00fcreci hakk\u0131nda bilgi verdi. B\u00f6ylece k\u0131rsaldaki n\u00fcfusun daha aktif bir bi\u00e7imde AB kat\u0131l\u0131m s\u00fcrecine katk\u0131lar\u0131n\u0131n sa\u011flanmas\u0131 yolunda ad\u0131m at\u0131ld\u0131.<\/p>\r\n<p>Proje i\u00e7in&nbsp;TaTuTa projesiyle tan\u0131nan b\u00f6lgeler pilot b\u00f6lge olarak&nbsp;se\u00e7ildi:&nbsp;G\u00fcney Ege ve Akdeniz&#8217;deki Fethiye , Dat\u00e7a ve Milas il\u00e7eleri; G\u00f6ller B\u00f6lgesi&#8217;nden&nbsp;A\u011flasun, Ba\u015fmak\u00e7\u0131 ve E\u011firdir; Kuzey Ege\u2019den K\u00fc\u00e7\u00fckkuyu, G\u00f6k\u00e7eada ve Ahmet\u00e7e; Do\u011fu&nbsp;Anadolu b\u00f6lgesinden Pasinler,&nbsp;Kemaliye ve Kelkit ; Orta Karadeniz b\u00f6lgesinden ise Terme,&nbsp;G\u00fcm\u00fc\u015fhac\u0131koy, Osmanc\u0131k ve Niksar.<\/p>\r\n<p><strong>Proje yay\u0131nlar\u0131<\/strong><\/p>\r\n<ul>\r\n<li>\u00c7ift\u00e7i Bilgilendirme Takvimi ve Posteri<\/li>\r\n<li>Avrupa Birli\u011fi S\u00fcrecinde \u00c7ift\u00e7i Bilgilendirme Kitap\u00e7\u0131\u011f\u0131<\/li>\r\n<li>\u00c7ift\u00e7i Gazetesi (2 say\u0131 yay\u0131mland\u0131)<\/li>\r\n<\/ul>\r\n<\/div>\r\n<\/div>\r\n<\/div>\r\n<\/div>\r\n\r\n\r\n\r\n\r\n\r\n\r\n\r\n\r\n\r\n\r\n\r\n\r\n\r\n\r\n\r\n\r\n\r\n\r\n","protected":false},"excerpt":{"rendered":"<p>Proje Ad\u0131: Avrupa Birli\u011fi Uyum S\u00fcrecinde T\u00fcrkiye K\u0131rsal N\u00fcfusunun Kat\u0131l\u0131m\u0131 ve Geli\u015fimi Proje S\u00fcresi&nbsp;:&nbsp;Ocak 2006 \u2013 Aral\u0131k 2006 Proje Fonu&nbsp;:&nbsp;Avrupa Birli\u011fi K\u00fc\u00e7\u00fck projeler Program\u0131 EUROPAID Ortak Kurum&nbsp;:&nbsp;Ziarno&nbsp;(Polonya) Avrupa Birli\u011fi&#8217;nin sivil toplum diyaloglar\u0131n\u0131 geli\u015ftirme ama\u00e7l\u0131 haz\u0131rlad\u0131\u011f\u0131&#8230;<\/p>\n","protected":false},"author":1,"featured_media":0,"parent":0,"menu_order":0,"comment_status":"closed","ping_status":"closed","template":"template-fullwidth.php","meta":{"footnotes":""},"_links":{"self":[{"href":"https:\/\/www.bugday.org\/blog\/wp-json\/wp\/v2\/pages\/8891"}],"collection":[{"href":"https:\/\/www.bugday.org\/blog\/wp-json\/wp\/v2\/pages"}],"about":[{"href":"https:\/\/www.bugday.org\/blog\/wp-json\/wp\/v2\/types\/page"}],"author":[{"embeddable":true,"href":"https:\/\/www.bugday.org\/blog\/wp-json\/wp\/v2\/users\/1"}],"replies":[{"embeddable":true,"href":"https:\/\/www.bugday.org\/blog\/wp-json\/wp\/v2\/comments?post=8891"}],"version-history":[{"count":3,"href":"https:\/\/www.bugday.org\/blog\/wp-json\/wp\/v2\/pages\/8891\/revisions"}],"predecessor-version":[{"id":286026,"href":"https:\/\/www.bugday.org\/blog\/wp-json\/wp\/v2\/pages\/8891\/revisions\/286026"}],"wp:attachment":[{"href":"https:\/\/www.bugday.org\/blog\/wp-json\/wp\/v2\/media?parent=8891"}],"curies":[{"name":"wp","href":"https:\/\/api.w.org\/{rel}","templated":true}]}}

AB Uyum Sürecinde Türkiye Kırsal Nüfusunun Katılımı ve Gelişimi

<div class="boldgrid-section">
<div class="container">
<div class="row">
<div class="col-md-12 col-xs-12 col-sm-12">
<p class=""><strong>Proje Adı:</strong> Avrupa Birliği Uyum Sürecinde Türkiye Kırsal Nüfusunun Katılımı ve Gelişimi</p>
<p><strong>Proje Süresi&nbsp;:</strong>&nbsp;Ocak 2006 – Aralık 2006</p>
<p><strong>Proje Fonu&nbsp;:</strong>&nbsp;Avrupa Birliği Küçük projeler Programı EUROPAID</p>
<p><strong>Ortak Kurum&nbsp;:</strong>&nbsp;Ziarno&nbsp;(Polonya)</p>
<p>Avrupa Birliği&#8217;nin sivil toplum diyaloglarını geliştirme amaçlı hazırladığı Küçük Projeler Programı EUROPAID, Buğday Derneği ve Polonya&#8217;da bulunan Ziarno Derneği&#8217;nin ortak hazırladığı Çiftçi Bilgilendirme Projesi sayesinde Türkiye’nin farklı bölgelerindeki çiftçiler Avrupa Birliği’ne katılım süreçleri konusunda bilgilendirildi.</p>
<p>Toplam bütçesi 65 bin Euro olan proje&nbsp;sayesinde&nbsp;kırsal kesimde yaşayan insanların AB katılım sürecine ayak uydurabilmeleri ve gelişmelerden haberdar olabilmeleri için eğitimler&nbsp;gerçekleştirildi&nbsp;ve&nbsp;bu konuda&nbsp;yayınlar&nbsp;yapıldı.</p>
<p>Polonya&#8217;daki kırsal kesimin gelişimi için çalışmış ve AB katılım sürecinde katalizör görevini üstlenmiş bir kuruluş olan Ziarno Derneği bu proje çerçevesinde bilgisini ve&nbsp;deneyimini Buğday kanalıyla Türkiye’deki çiftçilerle paylaştı. Buğday Derneği,&nbsp;yerel kırsal&nbsp;bilgisini ve Ziarno&#8217;nun önerilerini bir araya getirip kırsal kesimde eğitimler düzenledi ve iki&nbsp;Çiftçi Gazetesi&nbsp;yayımlayarak, AB katılım süreci hakkında bilgi verdi. Böylece kırsaldaki nüfusun daha aktif bir biçimde AB katılım sürecine katkılarının sağlanması yolunda adım atıldı.</p>
<p>Proje için&nbsp;TaTuTa projesiyle tanınan bölgeler pilot bölge olarak&nbsp;seçildi:&nbsp;Güney Ege ve Akdeniz&#8217;deki Fethiye , Datça ve Milas ilçeleri; Göller Bölgesi&#8217;nden&nbsp;Ağlasun, Başmakçı ve Eğirdir; Kuzey Ege’den Küçükkuyu, Gökçeada ve Ahmetçe; Doğu&nbsp;Anadolu bölgesinden Pasinler,&nbsp;Kemaliye ve Kelkit ; Orta Karadeniz bölgesinden ise Terme,&nbsp;Gümüşhacıkoy, Osmancık ve Niksar.</p>
<p><strong>Proje yayınları</strong></p>
<ul>
<li>Çiftçi Bilgilendirme Takvimi ve Posteri</li>
<li>Avrupa Birliği Sürecinde Çiftçi Bilgilendirme Kitapçığı</li>
<li>Çiftçi Gazetesi (2 sayı yayımlandı)</li>
</ul>
</div>
</div>
</div>
</div>

<p>Proje Adı: Avrupa Birliği Uyum Sürecinde Türkiye Kırsal Nüfusunun Katılımı ve Gelişimi Proje Süresi&nbsp;:&nbsp;Ocak 2006 – Aralık 2006 Proje Fonu&nbsp;:&nbsp;Avrupa Birliği Küçük projeler Programı EUROPAID Ortak Kurum&nbsp;:&nbsp;Ziarno&nbsp;(Polonya) Avrupa Birliği&#8217;nin sivil toplum diyaloglarını geliştirme amaçlı hazırladığı&#8230;</p>
