{"id":8444,"date":"2020-07-06T08:16:50","date_gmt":"2020-07-06T05:16:50","guid":{"rendered":"http:\/\/www.bugday.org\/blog\/?page_id=8444"},"modified":"2022-07-01T21:41:06","modified_gmt":"2022-07-01T18:41:06","slug":"organik-tarimda-gdolu-veya-hibrit-tohumlar-kullaniliyor-mu","status":"publish","type":"page","link":"https:\/\/www.bugday.org\/blog\/sikca-sorulan-sorular\/organik-tarimda-gdolu-veya-hibrit-tohumlar-kullaniliyor-mu\/","title":{"rendered":"Organik tar\u0131mda GDO\u2019lu veya hibrit tohumlar kullan\u0131l\u0131yor mu?"},"content":{"rendered":"\r\n<div class=\"boldgrid-section\">\r\n<div class=\"container\">\r\n<div class=\"row\">\r\n<div class=\"col-md-12 col-xs-12 col-sm-12\">\r\n<p class=\"\">Tohum meselesi ya\u015fam\u0131m\u0131z ve ekosistem i\u00e7in olduk\u00e7a \u00f6nemli. Ancak bu konuda bir k\u0131sm\u0131 bilin\u00e7li olarak yay\u0131lan, bir k\u0131sm\u0131 da fark\u0131nda olmaks\u0131z\u0131n olu\u015fan bir bilgi kirlili\u011fi var. T\u00fcketicilerin organik\/ekolojik \u00fcr\u00fcn kavram\u0131 ile yerel\/atal\u0131k tohum, pop\u00fclasyon kavram\u0131n\u0131 birbirlerinden ay\u0131rmas\u0131 gerekmektedir.<\/p>\r\n<p class=\"\">\u00dclkemize GDO\u2019lu tohum ithalat\u0131 ve \u00fcretimi yasakt\u0131r. Ancak hayvan yemine izin verildi\u011fi i\u00e7in konvansiyonel hayvanc\u0131l\u0131k sekt\u00f6r\u00fc b\u00fcy\u00fck \u00f6l\u00e7\u00fcde GDO\u2019lu yem kullanmaktad\u0131r. Organik tar\u0131m mevzuatlar\u0131 ise GDO\u2019lu ve ila\u00e7l\u0131 tohumlara izin vermez iken yerel \u00e7e\u015fitlere, organik sertifikal\u0131 standart ve hibrit (ila\u00e7lanmam\u0131\u015f olmas\u0131 kayd\u0131 ile) tohumlara izin verir.&nbsp;<\/p>\r\n<p class=\"\">Dan\u0131\u015fmanl\u0131\u011f\u0131n\u0131 yapt\u0131\u011f\u0131m\u0131z <a href=\"https:\/\/www.bugday.org\/blog\/saglikli-gidanin-adresi\/\" target=\"_blank\" rel=\"noopener noreferrer\">%100 Ekolojik Pazarlar<\/a>\u2019a \u00fcr\u00fcn g\u00f6nderen veya bizzat kat\u0131lan \u00fcreticiler kendi yerel tohumlar\u0131n\u0131, Yalova Atat\u00fcrk Bah\u00e7e K\u00fclt\u00fcrleri Merkez Ara\u015ft\u0131rma Enstit\u00fcs\u00fc\u2019n\u00fcn ve \u00e7e\u015fitli firmalar\u0131n organik standart ve hibrit tohumlar\u0131n\u0131 veya organik olarak piyasada alternatifi yok ise ila\u00e7s\u0131z (zehirsiz) olmak kayd\u0131 ile hibrit tohum kullanmaktad\u0131r.<\/p>\r\n<\/div>\r\n<\/div>\r\n<\/div>\r\n<\/div>\r\n\r\n\r\n\r\n\r\n\r\n\r\n","protected":false},"excerpt":{"rendered":"<p>Tohum meselesi ya\u015fam\u0131m\u0131z ve ekosistem i\u00e7in olduk\u00e7a \u00f6nemli. Ancak bu konuda bir k\u0131sm\u0131 bilin\u00e7li olarak yay\u0131lan, bir k\u0131sm\u0131 da fark\u0131nda olmaks\u0131z\u0131n olu\u015fan bir bilgi kirlili\u011fi var. T\u00fcketicilerin organik\/ekolojik \u00fcr\u00fcn kavram\u0131 ile yerel\/atal\u0131k tohum, pop\u00fclasyon kavram\u0131n\u0131&#8230;<\/p>\n","protected":false},"author":1,"featured_media":285806,"parent":8417,"menu_order":0,"comment_status":"closed","ping_status":"closed","template":"","meta":{"footnotes":""},"_links":{"self":[{"href":"https:\/\/www.bugday.org\/blog\/wp-json\/wp\/v2\/pages\/8444"}],"collection":[{"href":"https:\/\/www.bugday.org\/blog\/wp-json\/wp\/v2\/pages"}],"about":[{"href":"https:\/\/www.bugday.org\/blog\/wp-json\/wp\/v2\/types\/page"}],"author":[{"embeddable":true,"href":"https:\/\/www.bugday.org\/blog\/wp-json\/wp\/v2\/users\/1"}],"replies":[{"embeddable":true,"href":"https:\/\/www.bugday.org\/blog\/wp-json\/wp\/v2\/comments?post=8444"}],"version-history":[{"count":8,"href":"https:\/\/www.bugday.org\/blog\/wp-json\/wp\/v2\/pages\/8444\/revisions"}],"predecessor-version":[{"id":285807,"href":"https:\/\/www.bugday.org\/blog\/wp-json\/wp\/v2\/pages\/8444\/revisions\/285807"}],"up":[{"embeddable":true,"href":"https:\/\/www.bugday.org\/blog\/wp-json\/wp\/v2\/pages\/8417"}],"wp:featuredmedia":[{"embeddable":true,"href":"https:\/\/www.bugday.org\/blog\/wp-json\/wp\/v2\/media\/285806"}],"wp:attachment":[{"href":"https:\/\/www.bugday.org\/blog\/wp-json\/wp\/v2\/media?parent=8444"}],"curies":[{"name":"wp","href":"https:\/\/api.w.org\/{rel}","templated":true}]}}